digit of s?
6
Let h = 11 + -10. Let l = h - 13. What is the units digit of (-6)/(l/(-9) + -2)?
9
Let v be (-3 - (0 + -3)) + 6. Let r = v + 18. What is the units digit of r?
4
Let d = -39 - -49. What is the units digit of d?
0
Suppose -2*x - 5 + 3 = 0. Let l be (x/(2/(-28)))/1. Suppose -l = f - 3*f. What is the units digit of f?
7
Let x = -70 - -98. What is the units digit of x?
8
Let u be (5 - 1)*3/2. Suppose 24 = -3*z + 3*j, -5*j + u = z - 4. Let t(s) = -s**3 - 4*s**2 + 2*s - 2. What is the tens digit of t(z)?
1
Let n(y) = y - 1. Let i be n(4). Let j = i - 4. What is the units digit of (-58)/(-3) + j/3?
9
Let h(m) be the third derivative of -m**4/8 + m**3/6 - 15*m**2. Suppose -2*n - 2*k + 7 = 3, -2*n - 5*k = -13. What is the units digit of h(n)?
4
Let u = -2 - -2. Suppose f - 2 = q, u*q = -q + 4. What is the units digit of f?
6
What is the tens digit of 10/15*1266/4 + -4?
0
Let m = -6 - -22. Suppose -d = -5*z - 24, 0*d - 4*d + 4*z = -m. Let t(a) = -2*a + 1. What is the units digit of t(d)?
3
Let p = -22 - -18. Let a(r) = 2*r**2 + 6*r + 6. What is the tens digit of a(p)?
1
Let v be -3*(-26)/6 + -1. Let l be (v - 7) + -2*1. Suppose 0 = -l*j + 14 + 10. What is the units digit of j?
8
Suppose u - 4*u = 0. Suppose u = 6*f - 2*f - 8. Suppose 0 = y + 5*i - 2, -5*y + 0*y + f*i = -37. What is the units digit of y?
7
What is the units digit of 73/(-3 - (3 - 7))?
3
Let s = -41 - -76. What is the units digit of s?
5
Let x(v) = v**3 - 5*v**2 - 4*v - 3. Let f be x(6). Let u = f + -4. What is the units digit of u?
5
Let a(f) = -70*f**3 + 2*f**2 - 2*f - 3. What is the tens digit of a(-1)?
7
Suppose -2*d - 8 + 2 = 0. What is the units digit of d/(-2)*(3 - -21)?
6
Suppose -f + h + 7 = -7, -4*h = -2*f + 22. Let s(l) = -3*l. Let b be s(-1). Suppose -2*j + b = -f. What is the tens digit of j?
1
Suppose -5*p = -2088 + 483. What is the hundreds digit of p?
3
Suppose 4*u = -u + 20. Let k = -2 + u. What is the units digit of k?
2
Let j be -1*(-1*2)/(-2). Let y be (j - 0)*(-95)/5. Suppose 0*g - 54 = -4*k + 5*g, 4*g = k - y. What is the tens digit of k?
1
Let i(d) be the first derivative of d**3 - 3*d + 3. What is the tens digit of i(3)?
2
Let z = 49 - 34. Let o = -7 + z. Suppose p = -j - 1, o = 2*j - 0*j - 3*p. What is the units digit of j?
1
Let y be (1/2)/(1/(-10)). Let b = 1 - -2. Let t = b - y. What is the units digit of t?
8
Suppose 3 + 7 = -2*f, -3*t + 4*f + 134 = 0. What is the tens digit of t?
3
Let y(p) = -5*p. Let c be 5 - (-2 - -1)/(-1). Suppose -13 = 5*f - c*x + 4, 2*f = x - 5. What is the units digit of y(f)?
5
Let h be -1 + 4 - 2 - -2. Suppose r - 40 = -j, h*j - j + 5*r - 77 = 0. What is the units digit of j?
1
Let g = 20 - 8. Suppose -4*q - g = 0, m + 2*q = -m - 2. Suppose -m*o = -3*o + 2. What is the units digit of o?
2
What is the tens digit of (18 - -212)*(-2)/(-4)?
1
Let l(y) be the first derivative of 3 + 2*y + 2 + y**2 - 3. What is the units digit of l(2)?
6
Let h(j) = -j - 3. Let w be h(-3). Let d be (w - 28)/((-8)/4). Suppose -4*b - 3*u + d + 11 = 0, -4*b + 45 = -u. What is the units digit of b?
0
Suppose -10 = -2*m, 0*o + 5*o + 25 = -2*m. What is the units digit of (-8)/28 + (-198)/o?
8
Suppose -3*n + 230 = -n + 4*c, c = n - 112. What is the hundreds digit of n?
1
Suppose -2 + 0 = c. Let w(k) = -2*k + 2. What is the units digit of w(c)?
6
Let z = 28 - 51. Let f = -32 - z. Let l = 18 + f. What is the units digit of l?
9
Let a = 24 + -22. Suppose a*g - g = 5. What is the units digit of g?
5
Let f be (0/(-2))/(-1) + 0. Suppose 0 = -f*s - 4*s + 88. Suppose 50 = 4*g + s. What is the units digit of g?
7
Let u = 796 - 533. What is the units digit of u?
3
Let d be 2/3*3 + 2. Let z(r) be the third derivative of r**4/12 - r**3/6 - 2*r**2. What is the units digit of z(d)?
7
Suppose -4*n + 5*g - 35 = 0, 2*g - g + 7 = -2*n. Let w = n - -40. What is the tens digit of w?
3
Let b = 7 - 4. Suppose 4*o + 2*f + 47 = 137, -b*o + f + 65 = 0. What is the tens digit of o?
2
Let i be (-21)/(-4) - 4/16. Suppose 0*d + 3*p = d - 7, -4*p = i*d - 16. What is the units digit of d?
4
Let q be 1*(-3 - 1)/(-1). What is the tens digit of (q - 1)/(2/8)?
1
Let l(m) = -9*m - 5. What is the tens digit of l(-6)?
4
Suppose -p + 3*f + 131 = 0, 6*p - 4*p = f + 257. What is the units digit of p?
8
Suppose -16 = -5*c + 9. Suppose 3*g - 37 = -g + 3*w, -15 = c*w. What is the units digit of g?
7
Let s be 4/(4/(-2)) + 1. Suppose 0 = -5*c + 5*p + 20, -p + 3 = 3*c - 5. What is the tens digit of s - (-17 + (c - 0))?
1
Let y = -69 + 151. What is the units digit of y?
2
Let m(g) = -15*g + 3. Let o be m(4). Let c be (o/12)/((-1)/4). Let b = -6 + c. What is the tens digit of b?
1
What is the hundreds digit of (-152)/38 - -1*(158 - 1)?
1
Suppose 5 - 59 = 2*i. Let u = -18 - i. What is the units digit of u?
9
Let l(r) = -r + 6. Let v be l(-6). Suppose -5 = -o + v. Suppose -2*z = -4*f + 16, -2*f = 3*f - 4*z - o. What is the units digit of f?
5
Let c(f) = f + 8. Let v be c(-6). Suppose 0 = -v*t + 6 - 0. What is the units digit of t?
3
Let q(s) = 2*s**3 + 2*s**2 - 2. Let w be q(2). What is the tens digit of 3*(w/3 - 2)?
1
Let b be 1 + (-9)/(-6 + 3). Suppose -n - 2*n + 21 = b*w, -n = 4*w + 1. What is the tens digit of n?
1
Suppose 2*s - 3 = -5. Let t(f) = -3*f**3 + 1. Let l be t(1). What is the units digit of s/(0 + l/10)?
5
Let r = 3 - -2. Suppose 0 = 5*v + r*x - 20, -12 = -2*v - 3*x - 4. Suppose -v*y - 2 = -18. What is the units digit of y?
4
Let w(m) = m**3 - 8*m**2 - m + 7. Let s be w(8). Let a be ((-1)/s)/(2/6). Suppose a*u = -u + 28. What is the units digit of u?
7
Suppose -6*w + 135 = -w. Let f = -9 + w. What is the tens digit of f?
1
Suppose -a = 5*j + 31, -2*a + 6*a + 19 = j. Let x = 20 + a. What is the tens digit of x?
1
Suppose 2*h + 12 = 4*h. What is the units digit of h?
6
Suppose 0 = -4*l + 12, 0 = -4*y + 2*l - 2. What is the units digit of y?
1
Let z(g) = g + 2. Let c be z(3). Suppose 1 = -c*j + 11. Suppose -j*v - 3 = p, p + 3 = -v - 1. What is the units digit of v?
1
Let o(j) = j**2 + 7*j + 5. Let v be o(-7). Suppose 15 = 5*p + v. Suppose -3*i + p*n + 12 = 0, i - n + 0 = 3. What is the units digit of i?
6
Let z = -4 + 4. Let s be (z - -5) + (-3 - -1). Suppose -s*l - 3*p + 6 = 0, -2 = 3*l + 4*p + p. What is the units digit of l?
6
What is the tens digit of 47 + (4 - (4 - 2))?
4
Let a be 2/(-12)*2*0. Suppose a = -2*i - i - 6. Let b(c) = -3*c. What is the units digit of b(i)?
6
Let a = -13 - -18. Suppose 2*p = 2*j + 46, 0 = 5*p + j - 96 + a. What is the tens digit of p?
1
Suppose -2*s - 2*s - 356 = -3*x, -4*s + 572 = 5*x. What is the units digit of x?
6
Suppose 2*a - 6*a + 11 = -5*i, -i - 22 = -3*a. Let b = 8 + a. What is the units digit of b?
7
Suppose 3 = 5*d + 178. Let a = -13 - d. What is the tens digit of a?
2
Let d(v) = -v + 3. Suppose g - 6*g - 50 = 0. What is the units digit of d(g)?
3
Let o = 24 - 21. What is the units digit of o?
3
Suppose -k + 5 = q, -6*k = 4*q - k - 21. Suppose w - 40 = -q*w. What is the units digit of w?
8
What is the units digit of (-2 - -3)/((-2)/(-86))?
3
Suppose 3*r = -m + 51, -4*r - 5*m - 34 = -6*r. What is the units digit of r?
7
Suppose -2 = -2*g + 8. Suppose -g*r + 249 = 4. What is the units digit of r?
9
Suppose -f + 15 = -4*l, -4*f + 13 + 2 = -l. Let d be (-5)/(-1 + f/2). Let r = -3 - d. What is the units digit of r?
7
Let i(m) be the first derivative of m**4/4 + m**2/2 - m - 2. Let c(f) = -f**3 + 5*f - 3. Let d(g) = c(g) - 4*i(g). What is the units digit of d(-1)?
5
Suppose -i - 4*v = 4 - 33, -i - 3*v + 24 = 0. Suppose 11*z = i*z + 26. What is the tens digit of z?
1
Suppose 4*z - 3*d + 92 = 323, 0 = -z - 3*d + 54. What is the tens digit of z?
5
Let r = -9 - -21. What is the units digit of r?
2
Let m(y) be the third derivative of -y**6/120 - 2*y**5/15 - 3*y**4/8 + 7*y**3/6 + y**2. Let s be m(-7). Suppose -s + 6 = -5*n. What is the units digit of n?
3
Let x(k) = -12*k + 28. What is the tens digit of x(-12)?
7
Suppose 6*k = 3*k - 6, -3*k = d + 5. Suppose d = -3*o - 41. What is the units digit of (-4)/o + (-47)/(-7)?
7
Let o(k) = 8*k + 16. What is the tens digit of o(4)?
4
Let z = -33 - -47. What is the units digit of z?
4
Suppose -514 = 45*u - 47*u. What is the tens digit of u?
5
Suppose -4*h - 20 = -232. What is the units digit of h?
3
Let h = 9 + 1